st common divisor of v and f.
6
Let y(l) = -21*l**3 + 3*l**2 + 4*l + 2. Let a be y(-1). Calculate the highest common divisor of 55 and a.
11
Suppose d - 83 = 3*a, -4*d - a + 196 = -201. Suppose -d = -5*j + 67. Let n = 58 - j. Calculate the highest common divisor of 25 and n.
25
Suppose -28 = 3*z - 4*z. Suppose -4*k + 869 = -p + 2*p, -5*k = -5*p + 4470. Let s be p/9 - z/(-126). What is the highest common factor of 9 and s?
9
Let p = 39 - 37. Suppose 728 = p*x + 2*x - 2*u, 0 = -2*x - 4*u + 344. What is the highest common divisor of x and 20?
20
Let w = -54 + 32. Let u be 22 - ((-3)/18 + w/12). What is the greatest common divisor of u and 60?
12
Let o be 2 - (-5*2)/(-5). Suppose o = -2*k - 7 + 55. Calculate the highest common factor of 60 and k.
12
Let n be 3/((-6)/(-28))*1. Let s(b) = 20*b + 2. Let t be s(2). What is the highest common factor of t and n?
14
Let h(d) be the third derivative of -d**6/120 - 19*d**5/60 - 19*d**4/24 - 3*d**3/2 + 25*d**2. Let t be h(-18). Calculate the highest common factor of 18 and t.
9
Suppose -4*o - 5*r + 95 = 0, 18*o = 16*o + 3*r + 75. Calculate the highest common factor of o and 210.
30
Let g be 1/(-1)*(11 - -2)*-1. Let v(a) = 79*a - 1. Let q be v(1). Calculate the highest common factor of g and q.
13
Let f(g) = g. Let o(j) = -10*j. Let w(d) = -10*f(d) + o(d). Let r be w(-8). Calculate the highest common factor of 20 and r.
20
Let g be 33/55 - (-87)/5. Let w = g + -24. Let c = 13 - w. Calculate the greatest common divisor of 152 and c.
19
Let i = -41 + 45. Suppose 2*j + u = 77, 3*j + i*u - 148 = -j. What is the greatest common divisor of j and 5?
5
Let r(m) = 5*m + 2. Let s be r(2). Let b = 12 + s. Let g be 8 - (-3)/((-3)/2). What is the greatest common divisor of g and b?
6
Suppose 0 = -4*x + 10 - 2. Suppose 0*g - 26 = -x*g. Let k = 6118 + -6079. Calculate the greatest common factor of k and g.
13
Suppose 0*q + 51 = -3*q - 3*s, -5*q - 3*s - 85 = 0. Let r(z) = z**3 + 17*z**2 + 12. Let g be r(q). What is the greatest common factor of g and 16?
4
Let t = 232 - 217. What is the highest common factor of 195 and t?
15
Let a(t) = 2*t + 2. Let j be a(6). Suppose -3*z + 13 = 2*f, f - 5*z + 10 = -3. Suppose f*h = 3 + 11. What is the highest common factor of j and h?
7
Suppose 0 = 3*p - 0*p - 9, 0 = 2*o - 5*p - 25. Suppose 20 = -v - 3*v, -5*i + 3*v = -115. Calculate the highest common divisor of i and o.
20
Let l(v) = -v**3 + 6*v**2 + 6*v - 9. Suppose -y - 42 = -8*y. Let w be l(y). What is the greatest common factor of 81 and w?
27
Suppose 33 = 7*g + 26*g. Suppose -5*y - 9 = -3*q, 5*q = y + 2*y - 1. Let b = 5 + y. Calculate the highest common factor of g and b.
1
Suppose -17*a + 270 = 13*a. Calculate the greatest common factor of a and 288.
9
Suppose -2*s + 4*s - 4 = 0. Let o = 5 - s. Suppose -r - 122 = -o*n, n - 2*r - 8 = 41. Calculate the highest common factor of n and 13.
13
Let n = 40 + -31. Suppose 0 = 2*w + 2*z - 12, -7*w - 3*z = -n*w + 37. Calculate the greatest common factor of w and 22.
11
Let r = -1269 - -1308. Calculate the greatest common divisor of 897 and r.
39
Let p = -22 - -25. Suppose -p*o - 1 = -79. What is the highest common divisor of 26 and o?
26
Let q = 23 - 16. Suppose -v + 57 + q = 0. What is the greatest common factor of 16 and v?
16
Suppose -5*w = -6 - 19. Let j = 15 - w. Suppose 5*m + 4*x - x = 94, 2*x = 3*m - 64. Calculate the highest common factor of j and m.
10
Let z be (-9)/(-4)*16/3. Suppose 2*h - 404 = -3*n, -5*h - 13 - z = 0. Let g be ((-36)/8)/((-3)/n). Calculate the highest common factor of g and 23.
23
Let r(o) be the first derivative of o**4/4 - 11*o**3/3 - o**2/2 + 18*o - 20. Let m be r(11). Calculate the highest common divisor of m and 49.
7
Let t be ((0 - 2) + -26)/(-2). Suppose 6*m = 58 + t. What is the highest common divisor of 96 and m?
12
Let t(r) = 2*r**3 + 4*r**2 - 2*r + 3. Let i(z) = z**3 + z**2 + 1. Let f(j) = -i(j) + t(j). Let x be f(-3). What is the highest common factor of x and 56?
8
Suppose -5*w = 4*v - 194, -2*v = -0*v - w - 104. Let t = v + -31. Let r = 27 - t. What is the greatest common divisor of r and 35?
7
Let k be (302/(-8))/((-12)/48). Let y = -124 + k. What is the greatest common factor of 45 and y?
9
Let c = -24 - -48. Let b be 20*9*(-14)/(-315). What is the highest common factor of b and c?
8
Let t = 26 - -15. Suppose 3*l = 5*v + t, 0*l - 64 = -2*l - 4*v. Calculate the highest common divisor of 11 and l.
11
Suppose 57 = 2*s - y - 2, 0 = s + 4*y - 7. Let p(f) = 6*f**2 - 16*f + 7. Let d be p(7). Calculate the highest common divisor of d and s.
27
Let b(l) = -6*l. Let v be b(-2). Suppose -7*a = -9*a + 8. Suppose a*f - v = 3*f. What is the greatest common divisor of 12 and f?
12
Let a be (-3 + -9)*(-6)/(-8). Let s be 4 + a/(-12)*4. Let q be -4 + (-7)/(s/(-108)). Calculate the greatest common factor of q and 13.
13
Suppose -3*u = 2*f + 3 - 145, 84 = 2*u + 4*f. Suppose -14*i + u = -9*i. Calculate the highest common divisor of i and 30.
10
Suppose 52*r - 42*r - 140 = 0. What is the highest common divisor of 91 and r?
7
Suppose -3*z + 6*z + 3*q = -60, -4*z + 2*q - 50 = 0. Let h = z - -28. Let b = 140 - -3. Calculate the greatest common divisor of h and b.
13
Let w(k) be the first derivative of -5 + 5*k**3 + 1/4*k**4 + 12*k + 13/2*k**2. Let u be w(-14). What is the highest common factor of 78 and u?
26
Let s(c) = -c**2 + 3*c + 5. Let r be s(0). Suppose z - 2 = 2*l, -4*z + r*l = -6*z + 40. Calculate the highest common factor of z and 70.
10
Let s = -15 + 31. Let v be 80/50*10/4. Suppose -v*m = -m - 432. Calculate the greatest common divisor of m and s.
16
Suppose 0*q = 2*q + 202. Let r = q + 141. Suppose -10 = 3*m - r. Calculate the greatest common factor of m and 30.
10
Let c(l) = l**3 + 6*l**2 + 3*l - 1. Let f be c(-5). Suppose -84*k + 403 = -353. Calculate the greatest common factor of k and f.
9
Let c(i) = -i**2 + 4*i + 2. Let b be c(4). Suppose -2 = b*v - 486. Suppose -2*m = -m - v. Calculate the highest common divisor of m and 22.
22
Suppose 4*t - 442 = 5*j, -4*t + 172 = 4*j - 252. Suppose -4*g + 33 + 15 = 0. Calculate the greatest common factor of g and t.
12
Let k(x) = -x**3 + 42*x**2 - 21*x + 41. Let q be k(41). Calculate the greatest common divisor of 21 and q.
21
Suppose -2*y - y + 18 = 0. Let q(b) = b. Let i be q(0). Suppose 2*r + r - y = i. What is the greatest common factor of r and 14?
2
Let s(a) = -133*a - 606. Let k be s(-6). What is the greatest common divisor of k and 48?
48
Let v be 6 - (44/(-33))/((-3)/(-4329)). What is the greatest common factor of 10 and v?
10
Let t(j) = 6*j + 209*j**3 - 210*j**3 - 14 - 5*j**2 + 10*j**2 - 2*j. Let y be t(4). Calculate the highest common divisor of 12 and y.
6
Let b = 41 + -29. Let s(g) = -2*g - 5. Let o be s(-1). Let l be (5/(25/6))/(o/(-60)). What is the highest common factor of l and b?
12
Suppose 0 = 3*j + 3*t, j + 0 = 4*t + 5. Let z be (3 - j)*-1 + 118. What is the greatest common factor of 29 and z?
29
Suppose -3324 = -31*s + 9262. Calculate the highest common factor of 14 and s.
14
Let j = -215 - -317. Calculate the highest common factor of 12 and j.
6
Suppose -2*c - 694 = -4*q, -2*q = -3*c - 380 + 23. What is the greatest common divisor of q and 76?
19
Let b be (12 + -11)*(0 - -23). Let t = -10 + b. Calculate the highest common factor of t and 13.
13
Let c be (122/(-10))/((-1 - -12)/(-55)). What is the greatest common divisor of 488 and c?
61
Let a be (-746)/(-8) + 130/(-104). Calculate the greatest common divisor of a and 4.
4
Let o be (-8 + 1922)/11 - 10. What is the highest common divisor of o and 533?
41
Let p be 17 + 2*21/(-7). What is the greatest common factor of 77 and p?
11
Let z(w) = w**3 - 14*w**2 - 5*w + 7. Let g be z(14). Let n be 4*((-294)/4 + -3). Let f = g - n. Calculate the highest common divisor of 27 and f.
27
Let t(a) = 3*a**2 + 5*a - 4. Let h be t(-4). Let f = 243 + -235. Calculate the highest common factor of f and h.
8
Let b(u) = -u + 73. Let v be b(0). Let a = v + 53. Calculate the highest common factor of a and 9.
9
Suppose 3*k + 150 = -3*h, -8*h + 10*h + k + 104 = 0. Let v = h + 87. What is the highest common factor of v and 44?
11
Let m = 10 + -18. Let c = m - -8. Suppose c = -4*s - 0*s + 12. What is the highest common factor of 3 and s?
3
Suppose 4*r = 3*k - 82, 43*k - 2*